is the tens digit of v?
1
Let d = 15 - 13. Suppose d*a = 2*o - 62, -3*a = -o + 4*o - 63. What is the tens digit of o?
2
Suppose 0 = 3*i - 1612 + 331. Let f = -231 + i. What is the tens digit of f/16 - (-6)/8?
1
Suppose 0 = -0*q + 2*q - 30. Suppose -2*s = -q + 7. Suppose -s*i + 3*i = -1. What is the units digit of i?
1
Let k be 2 + ((-9)/(-3))/3. Suppose -k*g = -0 + 27. Let h = g - -15. What is the units digit of h?
6
Let t be (2/2)/((-1)/(-2)). Suppose 4 = r - t*r. Let i(u) = u**3 + 3*u**2 - 6*u - 6. What is the units digit of i(r)?
2
Let r(m) = 6*m. Let o(a) = -13*a + 1. Let v(h) = 2*o(h) + 5*r(h). Let b(z) = z**2 - z + 2. Let d be b(0). What is the tens digit of v(d)?
1
Let j(h) = -3*h**2 + 4*h - 3. Let l(d) = 7*d**2 - 9*d + 6. Let m(t) = 9*j(t) + 4*l(t). Suppose 0 = -p, 18 = 4*z + 2*p - 2. What is the units digit of m(z)?
2
Suppose 0 = 3*x + x. Suppose 13 = d - x*d. What is the tens digit of d?
1
Let v(l) = -l**2 + 15*l - 8. Let i = 3 + 3. What is the tens digit of v(i)?
4
Let h = -21 + 25. Suppose 7*z = h*z + 39. What is the tens digit of z?
1
Suppose -15 = -g - 4*g. Suppose -3*t = 3*w - 33, 3*t + 27 = 5*t - g*w. What is the tens digit of t?
1
Suppose 0 = 5*j + 3*v, 2*v + 10 + 0 = 0. Suppose 0 = 4*s - 19 - 5. Suppose 2*c - j = -3*z, 8*z + 3*c = 3*z + s. What is the units digit of z?
3
Let k be (-6)/15*(1 - -4). What is the units digit of 37 + (k - 0) + 3?
8
Suppose -625 = 8*q - 13*q. What is the hundreds digit of q?
1
Let o(d) be the second derivative of -d**4/12 - 13*d**3/6 + 3*d**2/2 - 3*d. Let h be o(-6). Suppose b - h = -2*b. What is the tens digit of b?
1
Suppose 0 = -w + 23 + 5. What is the units digit of w?
8
Let n(c) = 3*c**3 - 11*c**2 - 23*c + 8. Let g(d) = d**3 - 4*d**2 - 8*d + 3. Let x(m) = 17*g(m) - 6*n(m). What is the units digit of x(-3)?
6
Suppose 4*a = 5*a - 2. Suppose 0 = -0*m - a*m + 5*t + 52, -5*m + 2*t + 88 = 0. What is the tens digit of m?
1
Suppose -4*p - 2 = -5*p. Suppose 0 = -p*b - b + 36. Suppose -2*z + b = 2*z. What is the units digit of z?
3
Suppose 2 = r + 1. Suppose 2*y - 7 = -r. Suppose -1 = -4*v + y*v. What is the units digit of v?
1
What is the units digit of 155/5*4 + -1?
3
Let m(r) = r**3 - 3*r**2 - 2*r + 2. Let i be m(4). Let b be ((-12)/(-15))/(4/i). What is the units digit of 21/b*6/9?
7
Let g be (5 - 18)*(0 + 1). Let h = -7 - g. What is the units digit of h?
6
Suppose k = -2*y + 31 + 67, 4*k - 86 = -2*y. Suppose z = -2*z + y. What is the units digit of z?
7
Suppose -4*q + 2*q = -10. What is the units digit of 6/15 - (-43)/q?
9
Suppose 0 = 4*x - 0*x - 76. Suppose -3*m = -x - 14. What is the tens digit of m?
1
Let d be (1 - -2)/((-3)/(-24)). Suppose -q - 2 = -d. What is the units digit of q?
2
Suppose -3*n - 5*c = -4*c - 16, -5*n + 2*c = -34. Let v be 12/18 - 31/(-3). Let t = v - n. What is the units digit of t?
5
Let a(h) = 6*h - 4. Let x be a(4). Suppose 4*m - 3*m + 5*b - 2 = 0, m - b - 8 = 0. Suppose m*g - x = 2*g. What is the units digit of g?
4
Suppose -5*o + 38 = -4*r, -3*r - o - 6 = 13. Let x(z) = z**3 + 7*z**2 - 3*z + 6. What is the units digit of x(r)?
7
Let u(o) = o**2 + 10. Let k(g) = -5*g**2 - 39. Let p(h) = -2*k(h) - 9*u(h). Let f be p(0). What is the units digit of (-3)/f + (-69)/(-12)?
6
Let u(k) = 4*k + 1. What is the units digit of u(15)?
1
Let c = 1 - -1. Suppose -c*m + 4*m - 4 = 0. What is the units digit of m?
2
Let o be -10*9/12*-2. Suppose j + o = 6*j. Let c(v) = v**3 - v**2 - 2*v - 4. What is the units digit of c(j)?
8
Let l be (-2 - (-8)/5)*-5. Suppose -66 = -l*d + 2. What is the units digit of d?
4
Let j = 399 + -283. What is the hundreds digit of j?
1
Let c = 49 + -13. What is the units digit of c?
6
What is the tens digit of 10*-4*26/(-20)?
5
Let f(b) = b - 4. Let d be f(8). Suppose 0 = -4*c + 76 - d. What is the units digit of c?
8
Let p = 16 - 5. What is the tens digit of p?
1
Let b(n) be the third derivative of 1/12*n**4 + 1/120*n**6 + 1/6*n**3 + 0*n - 1/20*n**5 + 0 + 2*n**2. What is the units digit of b(2)?
1
Suppose -4*a - 1 = -3*c - 2, -c = 2*a - 13. Let n(x) = x**2 + 2*x - 7. What is the tens digit of n(c)?
2
What is the tens digit of 1/(-3) - (-1520)/24?
6
Suppose -2*c + 380 = 5*g - 80, c + 3*g - 231 = 0. What is the units digit of c?
5
Suppose 3*s = 4*s + 2. Let c = s - -9. What is the units digit of c?
7
Suppose 2 = v - 0. Suppose v*f - 8 = 2. Suppose 8 = -4*n, 3*c + f*n = 6*c - 19. What is the units digit of c?
3
Let w(m) = m**2 + 3*m. Suppose -5*f + a = 26, -3*f + 2*a - 12 = 5. What is the tens digit of w(f)?
1
Let j be (-1290)/(-27) - (-4)/18. Suppose -s + j = s. What is the units digit of s?
4
Let f(d) = d + 4. Let j be f(-2). Let x = -10 + 10. Suppose j*t + 0*t - 18 = x. What is the units digit of t?
9
Suppose 6981 = 25*g - 3144. What is the tens digit of g?
0
Let h = -40 - -28. What is the units digit of ((-3)/(-6))/((-1)/h)?
6
Let a = 22 - -1. What is the tens digit of a?
2
Let k = 9 - -10. What is the tens digit of k?
1
Let x(z) = 5*z - 5*z - 4 + z. Let r be x(4). Let y = 3 + r. What is the units digit of y?
3
Let b be (-18)/10*20/(-6). Suppose -b*l + l + 40 = 0. Suppose 5*f - l = 2. What is the units digit of f?
2
Let b = 2 - -4. Let y(h) = h - h**2 + 0 + 0 + 4 - b*h. What is the tens digit of y(-3)?
1
Let u(t) = t**3 - 5*t**2 + 5*t - 1. Let a be u(4). Suppose 6*i - 4*y - 65 = 3*i, 2*i - a*y - 45 = 0. What is the units digit of i?
5
Suppose -2*c - c + 3 = 0. What is the units digit of (c + -5)*2/(-4)?
2
Suppose -10*l + 35 = -5*l. Let k(q) = q**3 - 8*q**2 + 6*q + 10. Let m be k(7). Suppose -5*f = -m - l. What is the units digit of f?
2
Let j(w) = 5*w. Let o be j(1). Let m = 5 + o. What is the units digit of m?
0
Let l(r) = -2*r. Let o be l(1). What is the units digit of (-3)/(-2)*o/(-3)?
1
What is the units digit of -1 + (192 - 6/(-3))?
3
Suppose s - 193 = -4*c, 0*c = 4*c + 3*s - 187. What is the units digit of c?
9
Suppose 2*b - 17 = 47. What is the units digit of b?
2
Suppose -2*d = -3*k - 3*d + 4, d = -5. What is the units digit of 3 + k/3*-1?
2
Let g(c) be the second derivative of -c**4/12 + 4*c**3/3 - 9*c**2/2 - c. What is the units digit of g(6)?
3
Let v be 21/9 - (-1)/(-3). Let a = v - 2. Suppose p = 3 - a. What is the units digit of p?
3
Let n = -4 - -39. What is the units digit of n?
5
Let b = -3 + 7. Suppose -b*r = -12, 29 = 2*i - i + 5*r. What is the units digit of i?
4
Let a(p) = -p**3 - 8*p**2 - 6*p + 7. Let h be a(-7). Suppose -b + 40 + 30 = 5*r, h = 5*r - 3*b - 50. What is the tens digit of r?
1
Let n = -45 + 57. What is the units digit of n?
2
Let w = 4 - -1. Suppose -4*z + 17 = -3*j - 2*j, 0 = -4*z - j + 11. Suppose -n + 4*i - 20 = -w*n, -z = -i. What is the units digit of n?
2
Let r(n) = n**2 + n. Suppose -3*i - 16 = i, 0 = -5*m + 3*i + 7. Let j be r(m). Suppose j = -5*k + 12 + 8. What is the units digit of k?
4
Let s(i) = i - 3. Let d be s(8). Suppose 5*x - 9 = 2*x, 0 = 4*t + d*x + 9. Let m = 2 - t. What is the units digit of m?
8
Let z be (-2)/1 + -2 + 0. Let x = z + 18. What is the units digit of x?
4
Suppose -4*m - 4*v = 0, -m + v = 4*m - 12. Suppose 3 = z - 0*z. Suppose -5*h - 23 = -m*n, 0 = -n + z*h - 2*h + 10. What is the units digit of n?
9
Suppose -v + 1 = 3*d, -5*d - 64 = -4*v + 25. What is the tens digit of v?
1
Let n = 5 - 2. Suppose -p - 28 = -5*k, 0*p - n*p - 4 = k. Let o = p + 7. What is the units digit of o?
4
Suppose -4*x + 0*x = 5*p - 10, 2 = 2*x + p. Let y(r) = r - 1. Let t be y(x). Let w = 2 - t. What is the units digit of w?
3
Let i be (38/(-10))/(2/(-10)). Suppose -4*p - i = 41. What is the tens digit of (-16)/(-6)*p/(-2)?
2
Let r(b) = b**2 + 2*b - 5. Let i be r(-4). Suppose q - 2*q + 5*q = 0. Suppose q = j - 3 - i. What is the units digit of j?
6
Let u(w) = w**3 + 2*w**2 + 9*w + 5. Let x(h) = -h**3 - h**2 - 8*h - 4. Let d be 11/2 - (-1)/(-2). Let p(i) = d*u(i) + 6*x(i). What is the units digit of p(3)?
1
Let v be -1 + (-24*8)/(-2). Suppose 4*i = -3*x + 76, 5*i + 0*x - 4*x - v = 0. What is the tens digit of i?
1
Let y(v) = 2*v**3 - 3*v**2 + 2. What is the tens digit of y(4)?
8
Let d = -16 + 9. Let p(i) = i**3 + i**2 - 1. Let z(o) = -5*o**3 + 2*o**2 + 6*o. Let b(q) = 6*p(q) + z(q). What is the units digit of b(d)?
1
Suppose -4*q = -6*q + 198. What is the tens digit of q?
9
Suppose -98 + 11 = -3*x. Suppose -f = -x - 3